
{"id":2124,"date":"2021-04-25T16:27:56","date_gmt":"2021-05-26T18:14:59","guid":{"rendered":"https:\/\/remy-an-noemie.lu\/product\/kaffiseclair\/"},"modified":"2021-05-26T18:15:01","modified_gmt":"2021-05-26T18:15:01","slug":"kaffee-eclair","status":"publish","type":"product","link":"https:\/\/remy-an-noemie.lu\/lb\/produit\/kaffee-eclair\/","title":{"rendered":"Kaffiseclair"},"content":{"rendered":"","protected":false},"excerpt":{"rendered":"<p>P\u00e2te \u00e0 choux, Kaffiscr\u00e8me a Kaffisfondant<\/p>\n<ul>\n<li>Pr\u00e4is ab:<\/li>\n<li>Allergenen: Gluten, Laktos, Ee\u00ebr<\/li>\n<li>Erh\u00e4ltlech: D\u00ebnschdes bis Samschdes<\/li>\n<\/ul>\n","protected":false},"featured_media":1801,"template":"","meta":[],"product_cat":[96,95],"product_tag":[],"class_list":["post-2124","product","type-product","status-publish","has-post-thumbnail","hentry","product_cat-individuell-lb","product_cat-patisserie-lb"],"_links":{"self":[{"href":"https:\/\/remy-an-noemie.lu\/lb\/wp-json\/wp\/v2\/product\/2124","targetHints":{"allow":["GET"]}}],"collection":[{"href":"https:\/\/remy-an-noemie.lu\/lb\/wp-json\/wp\/v2\/product"}],"about":[{"href":"https:\/\/remy-an-noemie.lu\/lb\/wp-json\/wp\/v2\/types\/product"}],"wp:featuredmedia":[{"embeddable":true,"href":"https:\/\/remy-an-noemie.lu\/lb\/wp-json\/wp\/v2\/media\/1801"}],"wp:attachment":[{"href":"https:\/\/remy-an-noemie.lu\/lb\/wp-json\/wp\/v2\/media?parent=2124"}],"wp:term":[{"taxonomy":"product_cat","embeddable":true,"href":"https:\/\/remy-an-noemie.lu\/lb\/wp-json\/wp\/v2\/product_cat?post=2124"},{"taxonomy":"product_tag","embeddable":true,"href":"https:\/\/remy-an-noemie.lu\/lb\/wp-json\/wp\/v2\/product_tag?post=2124"}],"curies":[{"name":"wp","href":"https:\/\/api.w.org\/{rel}","templated":true}]}}

<p>Pâte à choux, Kaffiscrème a Kaffisfondant</p>
<ul>
<li>Präis ab:</li>
<li>Allergenen: Gluten, Laktos, Eeër</li>
<li>Erhältlech: Dënschdes bis Samschdes</li>
</ul>
