
{"id":2014,"date":"2021-04-22T16:05:53","date_gmt":"2021-04-25T21:15:01","guid":{"rendered":"https:\/\/remy-an-noemie.lu\/product\/kaerebreitchen\/"},"modified":"2021-04-25T21:15:03","modified_gmt":"2021-04-25T21:15:03","slug":"koernerbroetchen","status":"publish","type":"product","link":"https:\/\/remy-an-noemie.lu\/lb\/produit\/koernerbroetchen\/","title":{"rendered":"K\u00e4rebr\u00e9itchen"},"content":{"rendered":"","protected":false},"excerpt":{"rendered":"<p>Weessmiel, Waasser, Salz, Hief a K\u00e4rem\u00ebschung.<\/p>\n<ul>\n<li>Pr\u00e4is ab:<\/li>\n<li>Allergenen: Gluten, Sesam<\/li>\n<li>Erh\u00e4ltlech: D\u00ebnschdes bis Sonndes<\/li>\n<\/ul>\n","protected":false},"featured_media":2351,"template":"","meta":[],"product_cat":[92,67],"product_tag":[],"class_list":["post-2014","product","type-product","status-publish","has-post-thumbnail","hentry","product_cat-breidercher","product_cat-baeckerei-lb"],"_links":{"self":[{"href":"https:\/\/remy-an-noemie.lu\/lb\/wp-json\/wp\/v2\/product\/2014","targetHints":{"allow":["GET"]}}],"collection":[{"href":"https:\/\/remy-an-noemie.lu\/lb\/wp-json\/wp\/v2\/product"}],"about":[{"href":"https:\/\/remy-an-noemie.lu\/lb\/wp-json\/wp\/v2\/types\/product"}],"wp:featuredmedia":[{"embeddable":true,"href":"https:\/\/remy-an-noemie.lu\/lb\/wp-json\/wp\/v2\/media\/2351"}],"wp:attachment":[{"href":"https:\/\/remy-an-noemie.lu\/lb\/wp-json\/wp\/v2\/media?parent=2014"}],"wp:term":[{"taxonomy":"product_cat","embeddable":true,"href":"https:\/\/remy-an-noemie.lu\/lb\/wp-json\/wp\/v2\/product_cat?post=2014"},{"taxonomy":"product_tag","embeddable":true,"href":"https:\/\/remy-an-noemie.lu\/lb\/wp-json\/wp\/v2\/product_tag?post=2014"}],"curies":[{"name":"wp","href":"https:\/\/api.w.org\/{rel}","templated":true}]}}

Kärebréitchen

<p>Weessmiel, Waasser, Salz, Hief a Käremëschung.</p>
<ul>
<li>Präis ab:</li>
<li>Allergenen: Gluten, Sesam</li>
<li>Erhältlech: Dënschdes bis Sonndes</li>
</ul>
