
{"id":2006,"date":"2020-12-22T23:21:05","date_gmt":"2021-04-25T20:59:43","guid":{"rendered":"https:\/\/remy-an-noemie.lu\/product\/digeste\/"},"modified":"2021-04-25T20:59:46","modified_gmt":"2021-04-25T20:59:46","slug":"digeste-brote","status":"publish","type":"product","link":"https:\/\/remy-an-noemie.lu\/lb\/produit\/digeste-brote\/","title":{"rendered":"Digeste"},"content":{"rendered":"","protected":false},"excerpt":{"rendered":"<p class=\"p1\">Unser Digeste Brot besteht aus luxemburgischem Weizenmehl und Weizenschrot. Durch die Beigabe von unserm Hauseigenem Sauerteig, vorgequelltem Weizenschrot und eine lange Teigruhe, zeichnet dieses Brot eine lange Frischhaltung aus! Durch seinen hohen Anteil an Ballaststoffen eignet sich dieses Brot den Cholesterin Spiegel leicht zu senken.<\/p>\n<p class=\"p1\">Weessmiel, Weesskr\u00ebsch, Waasser, Sauerdeeg, Hief a Salz. D\u00ebst Brout ass r\u00e4ich u Ballaststoffer, \u00ebnnerst\u00ebtzt beim Ofhuelen a kann de Cholesterinspigel liicht senken.<\/p>\n<ul>\n<li>Pr\u00e4is ab:<\/li>\n<li>Allergenen: Gluten<\/li>\n<li>Erh\u00e4ltlech: D\u00ebnschdes bis Sonndes<\/li>\n<\/ul>\n","protected":false},"featured_media":2333,"template":"","meta":[],"product_cat":[91,67],"product_tag":[],"class_list":["post-2006","product","type-product","status-publish","has-post-thumbnail","hentry","product_cat-brout","product_cat-baeckerei-lb"],"_links":{"self":[{"href":"https:\/\/remy-an-noemie.lu\/lb\/wp-json\/wp\/v2\/product\/2006","targetHints":{"allow":["GET"]}}],"collection":[{"href":"https:\/\/remy-an-noemie.lu\/lb\/wp-json\/wp\/v2\/product"}],"about":[{"href":"https:\/\/remy-an-noemie.lu\/lb\/wp-json\/wp\/v2\/types\/product"}],"wp:featuredmedia":[{"embeddable":true,"href":"https:\/\/remy-an-noemie.lu\/lb\/wp-json\/wp\/v2\/media\/2333"}],"wp:attachment":[{"href":"https:\/\/remy-an-noemie.lu\/lb\/wp-json\/wp\/v2\/media?parent=2006"}],"wp:term":[{"taxonomy":"product_cat","embeddable":true,"href":"https:\/\/remy-an-noemie.lu\/lb\/wp-json\/wp\/v2\/product_cat?post=2006"},{"taxonomy":"product_tag","embeddable":true,"href":"https:\/\/remy-an-noemie.lu\/lb\/wp-json\/wp\/v2\/product_tag?post=2006"}],"curies":[{"name":"wp","href":"https:\/\/api.w.org\/{rel}","templated":true}]}}

<p class="p1">Unser Digeste Brot besteht aus luxemburgischem Weizenmehl und Weizenschrot. Durch die Beigabe von unserm Hauseigenem Sauerteig, vorgequelltem Weizenschrot und eine lange Teigruhe, zeichnet dieses Brot eine lange Frischhaltung aus! Durch seinen hohen Anteil an Ballaststoffen eignet sich dieses Brot den Cholesterin Spiegel leicht zu senken.</p>
<p class="p1">Weessmiel, Weesskrësch, Waasser, Sauerdeeg, Hief a Salz. Dëst Brout ass räich u Ballaststoffer, ënnerstëtzt beim Ofhuelen a kann de Cholesterinspigel liicht senken.</p>
<ul>
<li>Präis ab:</li>
<li>Allergenen: Gluten</li>
<li>Erhältlech: Dënschdes bis Sonndes</li>
</ul>
