
{"id":1188,"date":"2020-12-22T22:50:24","date_gmt":"2020-12-27T10:46:14","guid":{"rendered":"http:\/\/remy-an-noemie.lu\/product\/waeisst-brout\/"},"modified":"2021-05-31T07:55:50","modified_gmt":"2021-05-31T07:55:50","slug":"waeisst-brout","status":"publish","type":"product","link":"https:\/\/remy-an-noemie.lu\/lb\/produit\/waeisst-brout\/","title":{"rendered":"W\u00e4isst Brout"},"content":{"rendered":"","protected":false},"excerpt":{"rendered":"<p class=\"p1\">Mir benotzen eis eege Sauerwierk a l\u00ebtzebuergesch Weessemiel an eisem w\u00e4isse Brout. Mir erlaben dem Teig w\u00e4hrend dem Produktiounsprozess eng laang Z\u00e4it ze raschten, sou datt d&#8217;Brout m\u00e9i sp\u00e9it liicht verdaut ass an e ronne Go\u00fbt huet!<\/p>\n<p class=\"p1\">Weessmiel, Waasser, Sauerdeeg, Hief a Salz.<\/p>\n<ul>\n<li>Pr\u00e4is ab:<\/li>\n<li>Allergene: Gluten<\/li>\n<li>Erh\u00e4ltlech: D\u00ebnschdes bis Sonndes<\/li>\n<\/ul>\n","protected":false},"featured_media":2318,"template":"","meta":[],"product_cat":[91,67],"product_tag":[],"class_list":["post-1188","product","type-product","status-publish","has-post-thumbnail","hentry","product_cat-brout","product_cat-baeckerei-lb"],"_links":{"self":[{"href":"https:\/\/remy-an-noemie.lu\/lb\/wp-json\/wp\/v2\/product\/1188","targetHints":{"allow":["GET"]}}],"collection":[{"href":"https:\/\/remy-an-noemie.lu\/lb\/wp-json\/wp\/v2\/product"}],"about":[{"href":"https:\/\/remy-an-noemie.lu\/lb\/wp-json\/wp\/v2\/types\/product"}],"wp:featuredmedia":[{"embeddable":true,"href":"https:\/\/remy-an-noemie.lu\/lb\/wp-json\/wp\/v2\/media\/2318"}],"wp:attachment":[{"href":"https:\/\/remy-an-noemie.lu\/lb\/wp-json\/wp\/v2\/media?parent=1188"}],"wp:term":[{"taxonomy":"product_cat","embeddable":true,"href":"https:\/\/remy-an-noemie.lu\/lb\/wp-json\/wp\/v2\/product_cat?post=1188"},{"taxonomy":"product_tag","embeddable":true,"href":"https:\/\/remy-an-noemie.lu\/lb\/wp-json\/wp\/v2\/product_tag?post=1188"}],"curies":[{"name":"wp","href":"https:\/\/api.w.org\/{rel}","templated":true}]}}

Wäisst Brout

<p class="p1">Mir benotzen eis eege Sauerwierk a lëtzebuergesch Weessemiel an eisem wäisse Brout. Mir erlaben dem Teig während dem Produktiounsprozess eng laang Zäit ze raschten, sou datt d&#8217;Brout méi spéit liicht verdaut ass an e ronne Goût huet!</p>
<p class="p1">Weessmiel, Waasser, Sauerdeeg, Hief a Salz.</p>
<ul>
<li>Präis ab:</li>
<li>Allergene: Gluten</li>
<li>Erhältlech: Dënschdes bis Sonndes</li>
</ul>
